 Determine c(6).
-37
Let s(k) = k**3 - 7*k**2 - 2*k + 42. Calculate s(6).
-6
Let o(j) = j**3 + 6*j**2 - 7*j + 6. Give o(3).
66
Let o(m) = -70*m - 88. Determine o(0).
-88
Let b(a) = -a**3 + 13*a**2 - 13*a + 364. Give b(14).
-14
Let u(z) = -2*z**2 + 82*z - 81. What is u(40)?
-1
Let y(s) = 5*s**2 - 96*s + 39. What is y(19)?
20
Let g(q) = -1326*q - 5304. Determine g(-4).
0
Let v(c) = -c**2 + 222*c + 6713. What is v(-27)?
-10
Let u(r) = 2*r**3 - 5*r**2 - 19*r + 62. Determine u(5).
92
Let g(l) = l**3 + 23*l**2 - 13*l - 17. What is g(-24)?
-281
Let n(o) = -3*o**2 - 4*o + 179. Calculate n(7).
4
Let l(z) = -4*z**2 - 410*z - 591. Give l(-101).
15
Let d(g) = -3305*g - 13219. Give d(-4).
1
Let o(s) = 22*s**2 - 84*s + 63. What is o(1)?
1
Let k(j) = -127*j**3 - 3*j**2 + 2. Give k(1).
-128
Let b(w) = -10*w + 311. Calculate b(34).
-29
Let v(f) = 2*f**2 + 47*f + 317. Calculate v(0).
317
Let y(r) = -r**2 + 5*r + 97. What is y(11)?
31
Let p(v) = 3*v**2 + 173*v + 439. Give p(-55).
-1
Let t(m) = -85*m + 8229. What is t(97)?
-16
Let w(j) = -j**2 + 25*j + 57. What is w(21)?
141
Let b(l) = -7*l**2 + 12*l + 24. Determine b(-6).
-300
Let f(r) = -4*r**3 + r**2 + 13*r - 3. Calculate f(-3).
75
Let k(n) = n**3 + 17*n**2 - 2*n - 36. Give k(-17).
-2
Let u(n) = 3*n**2 - 16*n - 17. Give u(-3).
58
Let b(o) = o**3 - 7*o**2 - 16*o + 2. Calculate b(8).
-62
Let q(b) = -1543*b - 47829. What is q(-31)?
4
Let k(o) = -o**2 + 648*o + 5907. Determine k(-9).
-6
Let d(u) = -9*u - 118. Calculate d(-16).
26
Let t(c) = -24*c + 195. What is t(-6)?
339
Let a(y) = y**3 + 51*y**2 - 1421*y + 28. Calculate a(20).
8
Let m(f) = -f**2 + 4*f + 712. Determine m(29).
-13
Let t(c) = 49*c + 2096. Give t(-43).
-11
Let o(w) = -19*w - 306. Determine o(24).
-762
Let d(r) = -r**2 - 63*r - 330. Calculate d(-5).
-40
Let q(s) = 12*s + 272. Determine q(-30).
-88
Let o(t) = t**3 - 20*t**2 + 38*t + 224. What is o(17)?
3
Let x(w) = w**3 + 14*w**2 + 80*w + 493. Determine x(-11).
-24
Let c(d) = 7*d**2 + 186*d + 98. Determine c(-26).
-6
Let g(h) = -118*h - 712. Determine g(-6).
-4
Let a(w) = -55*w + 4710. Determine a(86).
-20
Let r(w) = 111*w + 1144. Calculate r(-4).
700
Let u(k) = 229*k - 1039. Calculate u(6).
335
Let n(c) = c**3 + 16*c**2 + 121*c + 1575. Determine n(-15).
-15
Let m(d) = -17*d**2 + 11*d - 54. Determine m(4).
-282
Let p(w) = -10*w**3 + w**2 - 40*w - 84. What is p(-2)?
80
Let c(j) = 13*j**3 - j**2 + 8*j - 3. Give c(2).
113
Let w(u) = 291*u + 1750. Calculate w(-8).
-578
Let h(k) = 14*k**3 - 144*k**2 - 115*k - 26. Calculate h(11).
-81
Let n(j) = -274*j - 1363. Determine n(-5).
7
Let g(m) = -m**3 - 30*m**2 + 104*m + 144. Calculate g(-33).
-21
Let w(x) = 9*x + 574. Calculate w(31).
853
Let v(b) = b**2 + 85*b - 748. Calculate v(8).
-4
Let w(l) = -8*l**2 + 139*l + 93. Give w(18).
3
Let t(r) = r**2 - 42*r - 173. Determine t(46).
11
Let k(o) = -8425*o - 25262. What is k(-3)?
13
Let a(j) = 71*j**2 - 715*j + 61. What is a(10)?
11
Let w(f) = -11*f**2 + 2519*f + 5074. Calculate w(231).
-8
Let d(j) = j - 4. Calculate d(5).
1
Let x(j) = -2*j**2 - 185*j - 4129. Give x(-55).
-4
Let y(k) = -9*k**2 + 907*k + 313. Give y(101).
111
Let n(l) = l**2 - 22*l - 348. Give n(-16).
260
Let p(g) = -g**2 + 14*g + 10. Calculate p(9).
55
Let w(t) = 158*t + 29399. Determine w(-186).
11
Let t(m) = -316*m**2 + 11*m - 10. Calculate t(1).
-315
Let t(h) = -h**2 + 774*h - 17994. What is t(24)?
6
Let k(b) = -b**2 + 48*b + 450. Determine k(-9).
-63
Let f(h) = 61*h + 68. Calculate f(0).
68
Let l(y) = -7*y**2 + 16*y + 25. Give l(-2).
-35
Let q(k) = -1894*k - 7561. Calculate q(-4).
15
Let r(o) = -50*o - 383. Determine r(-8).
17
Let v(g) = g**2 + 15*g - 4087. Give v(-72).
17
Let q(s) = 33*s - 32. Calculate q(2).
34
Let p(j) = j**3 - 2*j**2 - 21*j - 4. What is p(0)?
-4
Let t(r) = -439*r + 2512. What is t(5)?
317
Let q(g) = 11847*g - 142162. Determine q(12).
2
Let h(q) = q**3 - 37*q**2 - 77*q + 68. What is h(39)?
107
Let o(s) = 34*s + 86. What is o(-3)?
-16
Let g(k) = -k**2 + 248*k + 2858. What is g(-11)?
9
Let u(q) = 61*q + 3440. Give u(-57).
-37
Let r(d) = 3*d**3 - 6*d**2 + 49*d - 12. Give r(5).
458
Let c(z) = z**3 + 96*z**2 + 2331*z + 2237. What is c(-52)?
1
Let s(t) = 16*t - 301. Calculate s(25).
99
Let l(f) = -f**3 - 4*f**2 - 5*f - 20. Determine l(-4).
0
Let g(y) = -101*y + 7174. Determine g(71).
3
Let w(i) = 10*i + 86. Give w(-21).
-124
Let p(i) = 63*i - 340. What is p(-14)?
-1222
Let i(s) = -93*s - 8729. Determine i(-94).
13
Let x(j) = -78*j + 630. Calculate x(7).
84
Let x(l) = -2*l**3 - 35*l**2 + 657*l - 259. Calculate x(-29).
31
Let i(r) = -77*r**2 + 8*r - 17. What is i(2)?
-309
Let h(y) = -y**3 + 23*y**2 - 8*y + 143. What is h(23)?
-41
Let k(m) = 584*m - 613. Give k(1).
-29
Let v(z) = 19*z**3 + 33*z**2 - 4*z + 2. Determine v(-2).
-10
Let n(c) = 644*c - 1130. Calculate n(2).
158
Let w(r) = -r**2 + 277*r - 5372. Give w(21).
4
Let s(c) = -c**3 + 81*c**2 - 397*c + 73. Calculate s(5).
-12
Let a(u) = -3*u**3 + 464*u**2 - 314*u + 934. Calculate a(154).
10
Let r(l) = -2*l**3 - 14*l**2 - 89*l - 411. What is r(-7)?
212
Let w(k) = 78*k - 860. Give w(10).
-80
Let x(q) = q**2 + 312*q - 3346. Give x(11).
207
Let c(t) = t**3 - 6*t**2 - 5*t + 20. Give c(5).
-30
Let o(a) = 250*a + 702. Calculate o(-3).
-48
Let k(l) = -6220*l - 6235. Calculate k(-1).
-15
Let c(v) = -2*v**3 - 152*v**2 + 10*v + 734. Give c(-76).
-26
Let s(j) = -j**3 + 11*j**2 - 18*j + 42. What is s(8)?
90
Let h(p) = p**3 + 3*p**2 + 187*p + 997. Determine h(-5).
12
Let r(c) = -c**3 + 75*c**2 - 532*c - 267. Determine r(67).
1
Let m(s) = -2*s**3 + 45*s**2 + 74*s - 47. Give m(24).
1
Let z(t) = t**2 + 884*t + 15593. Calculate z(-18).
5
Let a(q) = -236*q + 252. Give a(1).
16
Let b(h) = 5*h**2 - 10*h + 17. What is b(3)?
32
Let z(t) = -1414*t - 59363. What is z(-42)?
25
Let m(z) = -z**2 - 142*z - 3771. What is m(-106)?
45
Let g(r) = -3620*r - 25347. Calculate g(-7).
-7
Let l(y) = 2*y**2 + 174*y - 1124. Calculate l(6).
-8
Let u(w) = 11*w + 291. Give u(-28).
-17
Let j(g) = -57*g + 284. Determine j(5).
-1
Let f(v) = -v - 132. Give f(-24).
-108
Let g(m) = -5*m**2 + 67*m + 710. Calculate g(-7).
-4
Let p(u) = -6*u**3 + 3*u**2 + 21*u + 100. Calculate p(-4).
448
Let s(k) = -74*k + 69. Determine s(2).
-79
Let y(n) = 126*n - 1762. Calculate y(14).
2
Let t(d) = -2*d**3 + 40*d**2 + 15*d - 170. Give t(20).
130
Let n(u) = -u**3 - 6*u**2 + 25. Determine n(-5).
0
Let a(p) = -8*p**2 + 107*p + 14. What is a(14)?
-56
Let a(f) = -208*f + 69. Give a(0).
69
Let s(q) = 3*q**3 - 59*q**2 - 21*q + 41. Determine s(20).
21
Let d(r) = 22982*r - 137879. Give d(6).
13
Let n(y) = -y**3 - 17*y**2 + 34*y - 42. Give n(-19).
34
Let x(j) = -j**2 + 18*j + 2293. Calculate x(57).
70
Let k(i) = -40*i**2 - 4*i - 6. Give k(-2).
-158
Let a(d) = 6*d**2 - 319*d - 282. Determine a(54).
-12
Let l(v) = -v**2 + 169*v + 1107. Determine l(175).
57
Let c(g) = -4*g**2 - 21*g + 18. Determine c(-10).
-172
Let n(r) = -55*r - 309. Calculate n(-6).
21
Let d(w) = -9*w**2 + 964*w - 1067. Give d(106).
-7
Let o(y) = -59*y - 219. Determine o(-5).
76
Let b(r) = -r**3 + 29*r - 83. Calculate b(4).
-31
Let c(v) = -v**2 - 244*v + 25887. What is c(80)?
-33
Let s(r) = r**3 - 18*r**2 - 23*r + 2. What is s(20)?
342
Let j(m) = 2*m**2 - 75*m - 7497. What is j(83)?
56
Let b(l) = l**3 + 44*l**2 - 88*l - 157. Give b(-46).
-341
Let c(u) = 13*u**2 + 472*u - 18813. Calculate c(24).
3
Let z(h) = 20*h**2 - 428*h + 2075. Calculate z(14).
3
Let g(f) = 10*f**2 - 167*f - 19. What is g(17)?
32
Let a(v) = -170*v - 1894. Give a(-11).
-24
Let w(x) = -3*x**2 - 36*x - 24. Calculate w(-9).
57
Let f(b) = 1855*b + 259694. Calculate f(-140).
-6
Let j(k) = -k**3 + 30*k**2 + 63*k + 49. Determine j(32).
17
Let g(i) = -i**3 - 21*i**2 + 445*i - 22. Calculate g(13).
17
Let x(v) = v**2 - 4*v. Determine x(5).
5
Let p(w) = -56*w**2 + w - 5. Give p(-2).
-231
Let v(r) = r**3 - 65*r**2 - 201*r - 216. Give v(68).
-12
Let m(g) = -2*g**3 + 72*g**2 + 1400*g + 21. Give m(50).
21
Let w(i) = 22*i**3 - 8*i**2 - 2*i. Give w(-3).
-660
Let m(p) = 3*p**2 + 19*p - 89. Give m(3).
-5
Let l(q) = q**3 - 37*q**2 - 465*q - 131. Determine l(47).
104
Let n(c) = 774*c**2 + 6956*c - 91. Determine n(-9).
-1
Let a(s) = -26*s**2 - 198*s + 60. Calculate a(-8).
-20
Let r(k) = 7*k + 141. Give r(-5).
106
Let o(y) = -y**2 - 23*y + 27.